 12. Let y be q(-3). Suppose 2*f = 5*i + 249, -5*i + i + y = f. What is the hundreds digit of f?
1
Suppose 5*x - 4*d - 30485 = -d, -30490 = -5*x + 2*d. What is the tens digit of x?
0
Let o(n) = -94*n**3 - 54*n**2 - 21*n - 16. What is the units digit of o(-8)?
4
Suppose -16*n - 13477 = -56293. What is the thousands digit of n?
2
Let r = 28380 + -20193. What is the thousands digit of r?
8
Suppose -66*f - 39*f + 18330388 = 241*f. What is the tens digit of f?
7
Let g(d) = -64 + 10*d - 38*d + 16*d. What is the tens digit of g(-11)?
6
Suppose -3*l - 841 + 2095 = 0. Let h = 888 - l. What is the tens digit of h?
7
Let j = -1439 - -17989. What is the thousands digit of j?
6
Let d = -14036 + 23811. What is the thousands digit of d?
9
Suppose -15*h + 1880940 = 6*h + 8*h. What is the units digit of h?
0
Suppose 1888 = 2*x + z - 1119, 5*x - 7495 = 2*z. What is the units digit of x?
1
Suppose 3*y = -1884 - 3087. Let h = y - -3000. What is the units digit of h?
3
Suppose 183551 = 11*v - 3*k, 9*k - 6*k = -2*v + 33380. What is the thousands digit of v?
6
Let u(r) = 16*r + 151. Let c(k) = 1. Let w(i) = 5*c(i) - u(i). What is the tens digit of w(-13)?
6
Let m = -3095 - -14299. What is the thousands digit of m?
1
Let r(u) = 18*u**3 + u**2 - 4*u + 2. Let o be r(1). Suppose 0 = 5*l - o*l + 4092. What is the hundreds digit of l?
3
Let h(u) = 262*u - 49. Let j be h(2). Let q = 1771 - j. What is the thousands digit of q?
1
Suppose -80*r = -78*r - 352. Let m = -170 + r. What is the units digit of m?
6
Let x = -4 + 6. Let h = 36 + -34. Suppose 4*r + 5*t - 277 = 0, x = 4*t - h. What is the units digit of r?
8
Let u(v) = -v**2 + 20*v - 94. Let o be u(8). Let h(a) = 267*a**2 - 5*a + 4. What is the hundreds digit of h(o)?
0
Let z(w) = -w**3 - 11*w**2 - 22*w + 20. Let c be z(-9). Let i = 186 + -129. Let j = i - c. What is the units digit of j?
1
Let u(v) = 10*v - 48. Let h be u(5). Suppose 2*g = -4*z + 1956, 70 = -2*z + h*g + 1060. What is the tens digit of z?
9
Let j be 3/15 + 2519/5. Let b = j + -317. What is the units digit of b?
7
Suppose 79*a - 749688 = 26154 + 47970. What is the hundreds digit of a?
4
Let t(i) = -35*i + 14. Let n be t(-9). Suppose 33 - 376 = 2*s - f, -5*f = -s - 167. Let b = s + n. What is the units digit of b?
7
Let k be -3*(-5)/3 + (-2)/(-2). Suppose 0 = g - 4*u - 1, k - 3 = 3*g + u. What is the units digit of g?
1
What is the ten thousands digit of -767*(224/(-16) + -2)?
1
Suppose -127 + 43 = -7*a. Suppose -o + 10 = u, 0 = -11*o + a*o + 5*u - 22. Suppose 2*t + 1010 = o*t. What is the hundreds digit of t?
2
Let v be -37 + 64 + 3/(-1). What is the tens digit of 21*368/v - -4?
2
What is the thousands digit of 17926/(((-16)/(-36))/(-8 - 78/(-9)))?
6
Suppose 4*c = -2*o + 10, c - 2 - 8 = -3*o. Suppose -4 = r - k + 6*k, 4*r + o*k + 16 = 0. What is the tens digit of 96*(1 - r/(-16))?
7
Suppose -2*r = -4*b - 7322, 16*r + 4*b = 13*r + 11033. Suppose -16*f = -7977 - r. What is the hundreds digit of f?
7
Suppose 2*s - 8*y + 6*y = -2, -26 = -2*s - 5*y. Suppose j = -s + 708. What is the units digit of j?
5
Let n(q) = q**2 + 3*q + 11. Let u(c) = -3*c**2 - 7*c - 2. Let z be ((-2)/8 + (-10)/(-8))*-3. Let t be u(z). What is the tens digit of n(t)?
5
Let t be (14/(-21))/((-2)/582). Let m be 5 - (-24)/(-6) - -1342 - 3. Suppose -6*v = t - m. What is the units digit of v?
1
What is the hundreds digit of -9 - (-8 + -12981 - 4)?
9
Let k = 3 + 3. What is the tens digit of k - 1 - (-6 - 1 - 627)?
3
Let a = 17700 + -2227. What is the units digit of a?
3
Suppose 27*u + 40 = 29*u. Suppose 4*g + u = 3*g. What is the tens digit of (6/(-10) + 156/(-40))*g?
9
Let s(q) = -q**2 + q + 20. Let x be s(-4). Let a = x + 50. Let j = a - 25. What is the units digit of j?
5
Let d(b) = 64*b + 1201. Let k be d(-18). Suppose 102 = 4*s - 82. Let c = k - s. What is the units digit of c?
3
Let d = 144 - -1. Let b = d - 50. Suppose -c = -b + 8. What is the units digit of c?
7
Let t(j) be the third derivative of 7*j**5/20 + j**4/2 + 5*j**3/2 + j**2. Let l be t(-5). Suppose -18*m - l = -21*m. What is the hundreds digit of m?
1
Suppose -2*m + 3*v - 19 = 0, 2*m + v + 3 = 4. What is the tens digit of -3*(0 - (237 - m))?
1
Let t be 29/((-2)/4 + 65/78). Suppose -3*p - 2*x = 95, -5*x + 55 + t = -4*p. Let d = 212 + p. What is the tens digit of d?
7
What is the tens digit of (-1)/(-4)*44 + -19 + 10856?
4
Suppose -2*x + 15*x = 14404. Suppose -47*h + x = -43*h. What is the units digit of h?
7
Suppose 0 = -5*k + 14*m - 19*m + 1685, -1709 = -5*k + 3*m. What is the hundreds digit of k?
3
Suppose 29 = -8*x + 85. Let c = -6 + x. What is the units digit of 2 - (-1)/c - -137?
0
Let k be (-300)/(-38) + 5/285*6. What is the hundreds digit of 1989 + (-19)/(38/k)?
9
Let q(g) = g**3 + 9*g**2 + 8*g - 15. Let a be (82 - 8)*((-1)/2)/(-1). Suppose 0 = -5*v - 5*h - 15, -h - a = 3*v - 5*h. What is the units digit of q(v)?
7
Let j be -1 + 4/2 + 2. Let l be -6 + (4 - (-35)/5). Suppose -l*w + 703 = -3*v, -j*w + 2*v = -w - 278. What is the hundreds digit of w?
1
Let j = -5 + 8. Suppose -j*k + 227 = -4*h, -5*k - 6*h + h + 355 = 0. Suppose -4*s + 115 + k = -n, s = -3*n + 34. What is the tens digit of s?
4
Let i(q) = 5*q - 22. Let c be i(5). Let g(d) = -4*d**3 - 1 + 4*d + d**3 + c. What is the units digit of g(-3)?
1
What is the units digit of (-1 + 5/(-15))/(3/(154494/(-4)))?
6
Suppose 7*l = 81 + 185. Suppose l = -6*s + 26. What is the tens digit of 542/4 + (11/s)/(-11)?
3
Let o(m) = -15*m + 57. Let k be 8*(3 - 21/6). What is the units digit of o(k)?
7
Suppose 5*v + 14*g - 29288 = 16*g, 3*v = 2*g + 17576. What is the units digit of v?
6
Suppose 0 = 5*j + 4*q - 76, -2*q - 16 = -6*q. Suppose -3657 = -j*i + 1695. What is the units digit of i?
6
Suppose 2*a + 3 = 9. Suppose -2*t - 88 = -3*o, -a*o + 25 = 4*t - 69. Suppose 14*k - 15*k = -o. What is the tens digit of k?
3
Let g(p) = 847*p**2 + 53*p - 166. What is the tens digit of g(3)?
1
Let n(k) = -3*k**2 + 34*k - 5. Let z be n(11). Suppose -z*b = -2769 - 1827. What is the hundreds digit of b?
7
Suppose -2*k + 19 = 5*a + 414, -2*k = 10. Let r = a + 99. What is the units digit of r?
2
What is the tens digit of 7 + 1 + -1 - (-7 - 6025)?
3
Let f be (-1 - -3) + 35/(-10)*-2. Suppose -2*h - 862 = -3*v, -f*v - 1131 = -13*v - h. What is the tens digit of v?
8
Let f(b) = 1015*b**2 + 3*b + 4. Let a be f(-1). Let g = -519 + a. What is the units digit of g?
7
Let x(s) = 103*s**2 - 102*s**2 + 3 + 4 + 30*s + 9 - 3. What is the units digit of x(-35)?
8
Suppose -93*n - 9 = -96*n. Let z(m) = 7*m**2 + 4*m + 1. Let v(j) = j**2. Let p(y) = n*v(y) + z(y). What is the hundreds digit of p(5)?
2
Suppose -378*q + 98 = -367*q - 56354. What is the hundreds digit of q?
1
Suppose 5*k - 2*i = 19, i + 19 - 5 = 4*k. Suppose 7*o - 408 = 3*o. Suppose -34 = -3*p + 2*p + v, -k*p - 4*v + o = 0. What is the units digit of p?
4
Let f(a) = -36*a + 4*a**3 - 7 + 117*a**2 - 120*a**2 + 9*a - 14*a**3. What is the tens digit of f(-4)?
9
Let m(h) = -2*h**2 + 8*h + 29. Let b be m(8). What is the units digit of b/(-15)*(8 - -4)?
8
What is the thousands digit of 5694 - ((-1)/(-6) + (-44)/(-24))?
5
Let j = 18 - 5. Suppose 3*c = j - 1. Suppose 0 = 2*a - c*q - 32, -a - 2*q - 2*q = -34. What is the tens digit of a?
2
Let o(z) = -3*z - 73. Let j be o(-26). Suppose -4*f + 1521 = -0*f + j*b, 3*f - b = 1117. What is the tens digit of f?
7
Suppose -4*o + 3*y = -48, -y + 6*y + 2 = -2*o. Suppose g = -4*u + 845, 2*u - o*g - 439 = -4*g. What is the tens digit of u?
1
Suppose -3*r - 14503 = -2*l, -11*l + 21754 = -8*l - 5*r. What is the hundreds digit of l?
2
Let u(i) = 108*i - 107. Let r(h) = -h - 4. Let n(c) = -2*r(c) - u(c). What is the units digit of n(-10)?
5
Suppose 2*l + 17*l - 1482 = 0. Let s be 266 - (-2 - -2) - -2. Let r = s - l. What is the hundreds digit of r?
1
Suppose -20*d + 22*d - 10968 = -2*r, -r + 2*d + 5478 = 0. What is the hundreds digit of r?
4
Let g(c) = 728*c - 1655. What is the units digit of g(7)?
1
Suppose 499973 = -42*m + 2623661. What is the thousands digit of m?
0
Let y(a) = -a**3 - 5*a**2 + 6*a + 10. Let m be y(-6). Suppose m*r = 17*r + 448. Let z = r - -115. What is the tens digit of z?
5
Let d(y) = 46*y**3 + 18*y**2 - 15*y + 11. What is the units digit of d(6)?
5
Suppose -7*w + 35 = -0. What is the units digit of 23